*2 - 2*l**2 + 22 - 21. Calculate h(3).
-5
Let t(x) = 2*x + 1. Let k be t(1). Let s(r) = -r**3 + 4*r**2 - r + 4. Let v be s(4). Let z(g) = 2 + v - 2 - 3 - 2*g. Determine z(k).
-9
Suppose 18*i - 11*i + 28 = 0. Let v(y) = -y**2 - 3*y - 5. Determine v(i).
-9
Let m(q) = -q + 1. Let d = -16 + 17. What is m(d)?
0
Let d(x) be the first derivative of -x**3/6 + 3*x**2 - x - 3. Let h(u) be the first derivative of d(u). Give h(4).
2
Let a(z) be the second derivative of z**6/120 - z**5/20 - z**4/6 + z**3 - 3*z**2/2 + z. Let o(g) be the first derivative of a(g). What is o(4)?
6
Let d(r) = -3*r - 3. Suppose -7*w = -3*w - 16. Determine d(w).
-15
Suppose -5*j = -0*j - 3*j. Suppose -5*o + 41 = 5*s + 11, 21 = o + 4*s. Let z = o + j. Let p(n) = 6*n**2 - 1. Calculate p(z).
5
Let p(i) = i**2 + 6*i - 7. Let m be 152/156*-6 - 2/13. What is p(m)?
-7
Let t be (1 + 2)*-1 + -3. Let c(x) = x**2 + 6*x - 1. Determine c(t).
-1
Let m(z) be the second derivative of z**3/2 + 3*z**2/2 + z. Let b(h) = 10*h + 8. Let a = 6 + -8. Let q(s) = a*b(s) + 7*m(s). Give q(-4).
1
Let o(i) = -5*i**2 - 10*i - 6. Let q(s) = 11*s**2 + 21*s + 12. Let h(m) = 13*o(m) + 6*q(m). Give h(5).
-1
Let u(h) be the second derivative of -7/24*h**4 + 1/120*h**5 + 0 - 1/2*h**3 + 4*h + 0*h**2. Let j(w) be the second derivative of u(w). What is j(6)?
-1
Let u(o) = 3*o + 2. Let z be 2/(-6)*(-7 + 1). Suppose b = -a + 3, b + a - 3 = -z*a. Let j(s) = -4*s - 3. Let x(f) = b*u(f) + 2*j(f). Determine x(4).
4
Let t(j) be the second derivative of -j**5/20 - j**4/12 - j**2 - 2*j. Determine t(-2).
2
Let r(y) = -2*y**3 + 12*y**2 + y - 11. Let i be r(6). Let u(o) = -o**3 - 6*o**2 - 8*o - 7. Give u(i).
8
Suppose -40 = 3*f - 55. Let a(p) = p**2 - 5*p - 3. What is a(f)?
-3
Let h(m) = -2*m**3 - m**2 - m. Suppose 0 = 7*f - 8*f - 1. Calculate h(f).
2
Let j(l) = 11*l**2 - 5*l - 6. Let w(z) = z + 1. Suppose 4*h = -2*r - 2, -5*r - 4 = -r - 3*h. Let q(m) = r*j(m) - 6*w(m). Give q(-1).
-10
Let t(r) = -r + 3. Suppose 0 = 5*l + 3*f - 19, -3*f = -0*f + 6. Let y = l + -4. Suppose -3*s + 8 = -y. Give t(s).
0
Let i(b) = -b**2 - b + 5. Let u be (1/(-2))/(2/4). Let n be 5*(u - (-1)/5). Determine i(n).
-7
Let z(x) = x**2. Let p(n) = -n**2 - 9*n + 2. Let r be p(-8). Let a(b) = b - 11. Let q be a(r). Determine z(q).
1
Let x be 2*(6/3 + 2). Let f be x/(-3)*9/(-6). Let a(b) = b**3 - 3*b**2 - 2*b - 2. Calculate a(f).
6
Let t(c) be the second derivative of c**5/20 + c**4/2 - 4*c**3/3 - 4*c**2 + 6*c. What is t(-7)?
-1
Let t(v) be the third derivative of 0*v + 3*v**2 + 0 + 1/3*v**3 + 1/30*v**5 + 1/12*v**4. What is t(-2)?
6
Let q(o) = o + 0*o - 6 + 2. Let g be q(8). Let h(i) = -i**2 - 2*i + 1 + g*i - i. What is h(-1)?
-1
Let s(x) = -x. Let i be s(3). Let n(k) = -k**2 - k - 2. Give n(i).
-8
Let r(k) = 2*k**2 - 6*k**2 + 2*k + 0*k - k**3 + 4*k - 4. What is r(-5)?
-9
Let m(v) be the first derivative of 3*v**3 - v**2/2 + 19. Give m(-1).
10
Let g(n) = -7*n**3 - 12*n**2 - 7*n + 4. Let f be 2 + (-12)/(2 - 5). Let o(x) = -8*x**3 - 13*x**2 - 8*x + 5. Let p(r) = f*o(r) - 7*g(r). Give p(-6).
-4
Let s(c) be the first derivative of c**5/120 - 7*c**4/24 + c**3/3 + 3. Let w(n) be the third derivative of s(n). Calculate w(5).
-2
Let g = -21 - -14. Let u(b) = -9*b**2 - 9*b - 20. Let q(t) = 4*t**2 + 5*t + 10. Let k(i) = 7*q(i) + 3*u(i). Let l be k(g). Let d(n) = n - 2. Determine d(l).
1
Let o(p) = p + 2. Let h(c) = 3*c + 7. Let a(z) = -2*h(z) + 7*o(z). What is a(2)?
2
Let f = -1 - 6. Let c = 6 + f. Let l(g) = -6*g**2 - g - 1. Determine l(c).
-6
Suppose -4*d + 23 = -3*c, 10 = 5*c + d + 2*d. Suppose s + 5*v = 5*s - 8, v = 0. Let u(b) = -1 + 2 - 2*b**s - 4*b**2. Determine u(c).
-5
Let r(w) be the first derivative of -w**4/4 + w**3/3 - w**2/2 - w - 2. Let t(b) = 3*b**3 - 2*b - 2. Let p(h) = r(h) - t(h). What is p(-1)?
5
Let r(v) = -v**3 - v**2 - v + 7. Let a(l) = -l**3 - 2*l**2 - 2*l + 7. Let n(p) = 6*a(p) - 5*r(p). Suppose -4*m - 4*d = 32, d - 4*d - 6 = 0. Determine n(m).
13
Let j(z) be the first derivative of z**3/3 - z**2/2 + z - 18. Determine j(0).
1
Let q(c) = c**3 - 3*c**2 - 5*c + 5. Let m = 184 + -180. Determine q(m).
1
Let j(t) = t**2 + 7*t - 2. Suppose 28*b - 31*b = 18. Calculate j(b).
-8
Suppose 4*i - 12 = 0, -4*i - 15 = k - 4*k. Suppose -12*p - 3 = -k*p. Let v(f) = 5*f**3 - f. Give v(p).
-4
Let t(s) = s**3 + 4*s**2 + 5*s + 3. Suppose 3*l - 3*h = -8*h - 24, 5*l - 3*h = -6. Calculate t(l).
-3
Let k(t) be the second derivative of t**4/12 - 4*t**3/3 + 2*t**2 + 2*t. Calculate k(5).
-11
Let y(l) = -6 - 1 - 1 - l**2 - 4*l + 1. Determine y(-5).
-12
Let t(i) = -i**3 + 8*i**2 + 8*i + 10. Let f be t(9). Let o(c) = 13*c**3 - c + 1. Give o(f).
13
Suppose -10 - 6 = -4*m. Let y(z) = 2*z - 3. Calculate y(m).
5
Let q be (-1 + (-3 - -6))*2. Let y(w) = q*w - 8*w + 4 - 3. What is y(2)?
-7
Suppose 0 = -4*u - 13 + 1. Let o = 0 - u. Let t(q) = q - o*q + 2 + q. Give t(5).
-3
Let c(r) = 13*r**2 - 5*r - 13. Let f(s) = -7*s**2 + 3*s + 7. Let v(x) = -6*c(x) - 11*f(x). Determine v(-3).
1
Let i(k) = -k - 10. Let h be -2*2*(-3)/6. Let u be (-3)/h*14/3. Calculate i(u).
-3
Let m(a) = a**2 + 0 + 1 - 2*a - 5. Let x = 36 + -26. Suppose 3*y - x = 2*i, -y - 3*y + 20 = 4*i. Calculate m(y).
4
Let h(n) = 7*n**2 + 2 + n**3 + 0*n**3 - 8 + 7*n. Determine h(-6).
-12
Let p(q) be the first derivative of q**4/4 + q**3/3 + q**2/2 + 12*q + 1. Suppose -12*c + 10*c = 0. What is p(c)?
12
Let j be (0 - -4)*4/(-8) + -3. Let m(i) = i**3 + 5*i**2 - 2*i - 4. Calculate m(j).
6
Suppose -8*v = -4*v. Suppose v = 2*h + 2. Let t(w) = 10*w**3 - w**2 + w + 1. What is t(h)?
-11
Let i = -1 - -2. Let w(j) = 12*j + 1. Determine w(i).
13
Suppose -2*s - v = v + 10, 4*s + 5*v = -23. Let c be 4/s + 4 + -3. Let l(n) = n. Determine l(c).
-1
Let m(g) = 4*g + 9. Let x(q) = 1. Let s(u) = -m(u) + 5*x(u). Give s(-3).
8
Let o(t) = -t**2 + t + 4. Suppose 0 = -y - 2 - 1. Give o(y).
-8
Let z(b) be the first derivative of -b**4/4 + b**3/3 + 2*b**2 + b - 61. Calculate z(3).
-5
Let x(j) = j**2 + j - 5. Let d be x(0). Let u(w) = 7*w + 9. Let q(t) = -20*t - 26. Let h(o) = 4*q(o) + 11*u(o). Determine h(d).
10
Let l(j) = 5*j**2 - 19*j - 41. Let p(c) = c**2 - 4*c - 8. Let b(h) = -2*l(h) + 11*p(h). Calculate b(6).
-6
Let k(h) be the third derivative of h**5/60 - 5*h**4/24 + h**3/2 + h**2 + 30. Calculate k(2).
-3
Let h(y) = -25*y**2 + 16*y - 16. Let r(v) = 5*v**2 - 3*v + 3. Let u(c) = -2*h(c) - 11*r(c). What is u(1)?
-5
Let x be -1 + -3 + 1 + 7. Let c(f) = -f**3 + 8*f**2 + 5*f + 8. Let v be 4/(-10) - 112/20. Let t(r) = r**2 + 1. Let z(y) = v*t(y) + c(y). What is z(x)?
-10
Let r(n) = -2*n + 6. Let y(u) = -u**3 + 5*u**2 + 8*u - 6. Let z be y(6). Let a = z - 1. Determine r(a).
-4
Let j(u) = -u + 1. Let d(p) be the third derivative of p**5/60 - 5*p**4/24 + 7*p**2. Let o be d(5). Give j(o).
1
Let i(w) = -w**2 + 4*w + 6. Let g(a) = -2*a**2 + 3*a + 6. Let d(b) = -2*g(b) + 3*i(b). Determine d(-4).
-2
Let i(k) = -k**2 - 6*k. Suppose 2*r = -17 + 5. Calculate i(r).
0
Let l = -11 + 8. Let c(h) = h**2 - 3*h + 3. Let n(r) = 2*r**2 - 7*r + 6. Let g(u) = 7*c(u) - 3*n(u). Calculate g(l).
12
Let q(o) = -3*o + 4. Let z be q(6). Let k = -10 - z. Let h(u) = -3*u**2 + 32*u. Let y(l) = l**2 - 11*l. Let t(p) = 6*h(p) + 17*y(p). Give t(k).
4
Let g(l) = -3*l**2 + l. Suppose 2*n - 4*h = h - 24, 4*n - h + 12 = 0. Let d be ((-8)/16)/(n/20). Let b = 6 - d. Give g(b).
-2
Let i(f) = -f**2 - 6*f + 5. Suppose 17 = 5*d + 82. Let x = 7 + d. Let l be i(x). Let c(n) = -n + 9. Calculate c(l).
4
Let o(c) = c**3 - 3*c**2 - 3*c. Let a be o(-2). Let t be a/8 - 2/8. Let q(d) = -3*d + 2. Let h(l) = 4*l - 2. Let w(z) = 5*h(z) + 6*q(z). Determine w(t).
-2
Let w(o) = -o + 2. Suppose z - 6*z + 25 = 0. Let d be w(z). Let b(k) = k**2 + 2*k. Give b(d).
3
Let v(h) = h**3 + 6. Let l = -25 - -13. Let k = -12 - l. Determine v(k).
6
Let b(a) = 3*a + 2. Let j(h) = -h**2 - 14*h - 2. Let q be j(-14). Give b(q).
-4
Let i(r) = 3*r**2 - 3*r. Let l be -2*(2 + 0 - 3). What is i(l)?
6
Let m(h) = 2*h - 2. Let c(o) be the first derivative of -o**2 + o - 7. Let j(r) = 6*c(r) + 5*m(r). Calculate j(5).
-14
Let f = -16 + 10. Let u(b) = 93 + 95 + 97 - 292 - 2*b. What is u(f)?
5
Let k = 12 + -10. Let z(s) = -2*s**k - 3 + 7 + 3*s**2 + 7*s. Suppose 0 = 2*l - 0*l + 3*t + 25, 3*l - t = -10. What is z(l)?
-6
Suppose -5*f - 1 - 19 